[INFO] cloning repository https://github.com/chyyran/conmux
[INFO] running `Command { std: "git" "-c" "credential.helper=" "-c" "credential.helper=/workspace/cargo-home/bin/git-credential-null" "clone" "--bare" "https://github.com/chyyran/conmux" "/workspace/cache/git-repos/https%3A%2F%2Fgithub.com%2Fchyyran%2Fconmux", kill_on_drop: false }`
[INFO] [stderr] Cloning into bare repository '/workspace/cache/git-repos/https%3A%2F%2Fgithub.com%2Fchyyran%2Fconmux'...
[INFO] running `Command { std: "git" "rev-parse" "HEAD", kill_on_drop: false }`
[INFO] [stdout] bc9127e739d3d4c19739b18d50ba15bfc44be4b3
[INFO] checking chyyran/conmux against master#e6e4f7ed1589e03bc2f6c5931c1a72e7947e8682 for beta-170-4
[INFO] running `Command { std: "git" "clone" "/workspace/cache/git-repos/https%3A%2F%2Fgithub.com%2Fchyyran%2Fconmux" "/workspace/builds/worker-1-tc2/source", kill_on_drop: false }`
[INFO] [stderr] Cloning into '/workspace/builds/worker-1-tc2/source'...
[INFO] [stderr] done.
[INFO] validating manifest of git repo https://github.com/chyyran/conmux on toolchain e6e4f7ed1589e03bc2f6c5931c1a72e7947e8682
[INFO] running `Command { std: CARGO_HOME="/workspace/cargo-home" RUSTUP_HOME="/workspace/rustup-home" "/workspace/cargo-home/bin/cargo" "+e6e4f7ed1589e03bc2f6c5931c1a72e7947e8682" "metadata" "--manifest-path" "Cargo.toml" "--no-deps", kill_on_drop: false }`
[INFO] started tweaking git repo https://github.com/chyyran/conmux
[INFO] finished tweaking git repo https://github.com/chyyran/conmux
[INFO] tweaked toml for git repo https://github.com/chyyran/conmux written to /workspace/builds/worker-1-tc2/source/Cargo.toml
[INFO] crate git repo https://github.com/chyyran/conmux already has a lockfile, it will not be regenerated
[INFO] running `Command { std: CARGO_HOME="/workspace/cargo-home" RUSTUP_HOME="/workspace/rustup-home" "/workspace/cargo-home/bin/cargo" "+e6e4f7ed1589e03bc2f6c5931c1a72e7947e8682" "fetch" "--manifest-path" "Cargo.toml", kill_on_drop: false }`
[INFO] [stderr] warning: patch for `winapi` uses the features mechanism. default-features and features will not take effect because the patch dependency does not support this mechanism
[INFO] running `Command { std: "docker" "create" "-v" "/var/lib/crater-agent-workspace/builds/worker-1-tc2/target:/opt/rustwide/target:rw,Z" "-v" "/var/lib/crater-agent-workspace/builds/worker-1-tc2/source:/opt/rustwide/workdir:ro,Z" "-v" "/var/lib/crater-agent-workspace/cargo-home:/opt/rustwide/cargo-home:ro,Z" "-v" "/var/lib/crater-agent-workspace/rustup-home:/opt/rustwide/rustup-home:ro,Z" "-e" "SOURCE_DIR=/opt/rustwide/workdir" "-e" "CARGO_TARGET_DIR=/opt/rustwide/target" "-e" "CARGO_HOME=/opt/rustwide/cargo-home" "-e" "RUSTUP_HOME=/opt/rustwide/rustup-home" "-w" "/opt/rustwide/workdir" "-m" "1610612736" "--user" "0:0" "--network" "none" "ghcr.io/rust-lang/crates-build-env/linux@sha256:19e73879b68f455e41552ea35293514db52ea292d993f571636dbffedb77a1ee" "/opt/rustwide/cargo-home/bin/cargo" "+e6e4f7ed1589e03bc2f6c5931c1a72e7947e8682" "metadata" "--no-deps" "--format-version=1", kill_on_drop: false }`
[INFO] [stdout] 3cb6f8921e3cb3070143b74679b02079497982d8ff24bebc0b85ced422823a37
[INFO] running `Command { std: "docker" "start" "-a" "3cb6f8921e3cb3070143b74679b02079497982d8ff24bebc0b85ced422823a37", kill_on_drop: false }`
[INFO] running `Command { std: "docker" "inspect" "3cb6f8921e3cb3070143b74679b02079497982d8ff24bebc0b85ced422823a37", kill_on_drop: false }`
[INFO] running `Command { std: "docker" "rm" "-f" "3cb6f8921e3cb3070143b74679b02079497982d8ff24bebc0b85ced422823a37", kill_on_drop: false }`
[INFO] [stdout] 3cb6f8921e3cb3070143b74679b02079497982d8ff24bebc0b85ced422823a37
[INFO] running `Command { std: "docker" "create" "-v" "/var/lib/crater-agent-workspace/builds/worker-1-tc2/target:/opt/rustwide/target:rw,Z" "-v" "/var/lib/crater-agent-workspace/builds/worker-1-tc2/source:/opt/rustwide/workdir:ro,Z" "-v" "/var/lib/crater-agent-workspace/cargo-home:/opt/rustwide/cargo-home:ro,Z" "-v" "/var/lib/crater-agent-workspace/rustup-home:/opt/rustwide/rustup-home:ro,Z" "-e" "SOURCE_DIR=/opt/rustwide/workdir" "-e" "CARGO_TARGET_DIR=/opt/rustwide/target" "-e" "CARGO_INCREMENTAL=0" "-e" "RUST_BACKTRACE=full" "-e" "RUSTFLAGS=--cap-lints=forbid" "-e" "RUSTDOCFLAGS=--cap-lints=forbid" "-e" "CARGO_HOME=/opt/rustwide/cargo-home" "-e" "RUSTUP_HOME=/opt/rustwide/rustup-home" "-w" "/opt/rustwide/workdir" "-m" "1610612736" "--user" "0:0" "--network" "none" "ghcr.io/rust-lang/crates-build-env/linux@sha256:19e73879b68f455e41552ea35293514db52ea292d993f571636dbffedb77a1ee" "/opt/rustwide/cargo-home/bin/cargo" "+e6e4f7ed1589e03bc2f6c5931c1a72e7947e8682" "check" "--frozen" "--all" "--all-targets" "--message-format=json", kill_on_drop: false }`
[INFO] [stdout] 70650b40a369afc62cd79ea25d451d71096b47729045abcfcc72a98a8a6ca27f
[INFO] running `Command { std: "docker" "start" "-a" "70650b40a369afc62cd79ea25d451d71096b47729045abcfcc72a98a8a6ca27f", kill_on_drop: false }`
[INFO] [stderr] warning: patch for `winapi` uses the features mechanism. default-features and features will not take effect because the patch dependency does not support this mechanism
[INFO] [stderr]     Checking conmux v0.1.0 (/opt/rustwide/workdir)
[INFO] [stdout] error[E0433]: failed to resolve: could not find `windows` in `os`
[INFO] [stdout]  --> src/pipes.rs:4:14
[INFO] [stdout]   |
[INFO] [stdout] 4 | use std::os::windows::io::{FromRawHandle, IntoRawHandle};
[INFO] [stdout]   |              ^^^^^^^ could not find `windows` in `os`
[INFO] [stdout] 
[INFO] [stdout] 
[INFO] [stdout] error[E0433]: failed to resolve: use of undeclared crate or module `winapi`
[INFO] [stdout]  --> src/pipes.rs:7:5
[INFO] [stdout]   |
[INFO] [stdout] 7 | use winapi::um::handleapi::{CloseHandle, INVALID_HANDLE_VALUE};
[INFO] [stdout]   |     ^^^^^^ use of undeclared crate or module `winapi`
[INFO] [stdout] 
[INFO] [stdout] 
[INFO] [stdout] error[E0433]: failed to resolve: use of undeclared crate or module `winapi`
[INFO] [stdout]  --> src/pipes.rs:8:5
[INFO] [stdout]   |
[INFO] [stdout] 8 | use winapi::um::namedpipeapi::CreatePipe;
[INFO] [stdout]   |     ^^^^^^ use of undeclared crate or module `winapi`
[INFO] [stdout] 
[INFO] [stdout] 
[INFO] [stdout] error[E0433]: failed to resolve: use of undeclared crate or module `winapi`
[INFO] [stdout]  --> src/pipes.rs:9:5
[INFO] [stdout]   |
[INFO] [stdout] 9 | use winapi::um::winnt::HANDLE;
[INFO] [stdout]   |     ^^^^^^ use of undeclared crate or module `winapi`
[INFO] [stdout] 
[INFO] [stdout] 
[INFO] [stdout] error[E0433]: failed to resolve: use of undeclared crate or module `winapi`
[INFO] [stdout]  --> src/wincon.rs:5:5
[INFO] [stdout]   |
[INFO] [stdout] 5 | use winapi::um::wincon::*;
[INFO] [stdout]   |     ^^^^^^ use of undeclared crate or module `winapi`
[INFO] [stdout] 
[INFO] [stdout] 
[INFO] [stdout] error[E0433]: failed to resolve: use of undeclared crate or module `winapi`
[INFO] [stdout]  --> src/conpty.rs:7:5
[INFO] [stdout]   |
[INFO] [stdout] 7 | use winapi::shared::basetsd::{PSIZE_T, SIZE_T};
[INFO] [stdout]   |     ^^^^^^ use of undeclared crate or module `winapi`
[INFO] [stdout] 
[INFO] [stdout] 
[INFO] [stdout] error[E0433]: failed to resolve: use of undeclared crate or module `winapi`
[INFO] [stdout]  --> src/conpty.rs:8:5
[INFO] [stdout]   |
[INFO] [stdout] 8 | use winapi::shared::minwindef::BYTE;
[INFO] [stdout]   |     ^^^^^^ use of undeclared crate or module `winapi`
[INFO] [stdout] 
[INFO] [stdout] 
[INFO] [stdout] error[E0433]: failed to resolve: use of undeclared crate or module `winapi`
[INFO] [stdout]  --> src/conpty.rs:9:5
[INFO] [stdout]   |
[INFO] [stdout] 9 | use winapi::shared::ntdef::{HANDLE, LPCWSTR, LPWSTR};
[INFO] [stdout]   |     ^^^^^^ use of undeclared crate or module `winapi`
[INFO] [stdout] 
[INFO] [stdout] 
[INFO] [stdout] error[E0433]: failed to resolve: use of undeclared crate or module `winapi`
[INFO] [stdout]   --> src/conpty.rs:10:5
[INFO] [stdout]    |
[INFO] [stdout] 10 | use winapi::shared::winerror::S_OK;
[INFO] [stdout]    |     ^^^^^^ use of undeclared crate or module `winapi`
[INFO] [stdout] 
[INFO] [stdout] 
[INFO] [stdout] error[E0433]: failed to resolve: use of undeclared crate or module `winapi`
[INFO] [stdout]   --> src/conpty.rs:11:5
[INFO] [stdout]    |
[INFO] [stdout] 11 | use winapi::um::consoleapi;
[INFO] [stdout]    |     ^^^^^^ use of undeclared crate or module `winapi`
[INFO] [stdout] 
[INFO] [stdout] 
[INFO] [stdout] error[E0433]: failed to resolve: use of undeclared crate or module `winapi`
[INFO] [stdout]   --> src/conpty.rs:12:5
[INFO] [stdout]    |
[INFO] [stdout] 12 | use winapi::um::processthreadsapi::{
[INFO] [stdout]    |     ^^^^^^ use of undeclared crate or module `winapi`
[INFO] [stdout] 
[INFO] [stdout] 
[INFO] [stdout] error[E0433]: failed to resolve: use of undeclared crate or module `winapi`
[INFO] [stdout]   --> src/conpty.rs:17:5
[INFO] [stdout]    |
[INFO] [stdout] 17 | use winapi::shared::winerror::WAIT_TIMEOUT;
[INFO] [stdout]    |     ^^^^^^ use of undeclared crate or module `winapi`
[INFO] [stdout] 
[INFO] [stdout] 
[INFO] [stdout] error[E0433]: failed to resolve: use of undeclared crate or module `winapi`
[INFO] [stdout]   --> src/conpty.rs:18:5
[INFO] [stdout]    |
[INFO] [stdout] 18 | use winapi::um::synchapi::WaitForSingleObject;
[INFO] [stdout]    |     ^^^^^^ use of undeclared crate or module `winapi`
[INFO] [stdout] 
[INFO] [stdout] 
[INFO] [stdout] error[E0433]: failed to resolve: use of undeclared crate or module `winapi`
[INFO] [stdout]   --> src/conpty.rs:19:5
[INFO] [stdout]    |
[INFO] [stdout] 19 | use winapi::um::winbase::WAIT_OBJECT_0;
[INFO] [stdout]    |     ^^^^^^ use of undeclared crate or module `winapi`
[INFO] [stdout] 
[INFO] [stdout] 
[INFO] [stdout] error[E0433]: failed to resolve: use of undeclared crate or module `winapi`
[INFO] [stdout]   --> src/conpty.rs:21:5
[INFO] [stdout]    |
[INFO] [stdout] 21 | use winapi::um::winbase::{EXTENDED_STARTUPINFO_PRESENT, STARTUPINFOEXW};
[INFO] [stdout]    |     ^^^^^^ use of undeclared crate or module `winapi`
[INFO] [stdout] 
[INFO] [stdout] 
[INFO] [stdout] error[E0433]: failed to resolve: use of undeclared crate or module `winapi`
[INFO] [stdout]   --> src/conpty.rs:22:5
[INFO] [stdout]    |
[INFO] [stdout] 22 | use winapi::um::wincon::{COORD, HPCON};
[INFO] [stdout]    |     ^^^^^^ use of undeclared crate or module `winapi`
[INFO] [stdout] 
[INFO] [stdout] 
[INFO] [stdout] error[E0432]: unresolved import `dunce`
[INFO] [stdout]   --> src/conpty.rs:24:5
[INFO] [stdout]    |
[INFO] [stdout] 24 | use dunce::canonicalize;
[INFO] [stdout]    |     ^^^^^ use of undeclared crate or module `dunce`
[INFO] [stdout] 
[INFO] [stdout] 
[INFO] [stdout] error[E0433]: failed to resolve: use of undeclared crate or module `crossbeam`
[INFO] [stdout]  --> src/context.rs:5:5
[INFO] [stdout]   |
[INFO] [stdout] 5 | use crossbeam::channel::Sender;
[INFO] [stdout]   |     ^^^^^^^^^ use of undeclared crate or module `crossbeam`
[INFO] [stdout] 
[INFO] [stdout] 
[INFO] [stdout] error[E0432]: unresolved import `widestring`
[INFO] [stdout]   --> src/conpty.rs:25:5
[INFO] [stdout]    |
[INFO] [stdout] 25 | use widestring::U16CString;
[INFO] [stdout]    |     ^^^^^^^^^^ use of undeclared crate or module `widestring`
[INFO] [stdout] 
[INFO] [stdout] 
[INFO] [stdout] error[E0432]: unresolved import `ansi_escapes`
[INFO] [stdout]  --> src/context.rs:6:5
[INFO] [stdout]   |
[INFO] [stdout] 6 | use ansi_escapes;
[INFO] [stdout]   |     ^^^^^^^^^^^^ no external crate `ansi_escapes`
[INFO] [stdout] 
[INFO] [stdout] 
[INFO] [stdout] error[E0433]: failed to resolve: use of undeclared crate or module `crossbeam`
[INFO] [stdout]  --> src/event.rs:6:5
[INFO] [stdout]   |
[INFO] [stdout] 6 | use crossbeam::channel::*;
[INFO] [stdout]   |     ^^^^^^^^^ use of undeclared crate or module `crossbeam`
[INFO] [stdout] 
[INFO] [stdout] 
[INFO] [stdout] error[E0432]: unresolved import `vte`
[INFO] [stdout]  --> src/context.rs:8:5
[INFO] [stdout]   |
[INFO] [stdout] 8 | use vte::Perform;
[INFO] [stdout]   |     ^^^ use of undeclared crate or module `vte`
[INFO] [stdout] 
[INFO] [stdout] 
[INFO] [stdout] error[E0432]: unresolved import `terminal_size`
[INFO] [stdout]  --> src/surface.rs:1:5
[INFO] [stdout]   |
[INFO] [stdout] 1 | use terminal_size::{terminal_size, Height, Width};
[INFO] [stdout]   |     ^^^^^^^^^^^^^ use of undeclared crate or module `terminal_size`
[INFO] [stdout] 
[INFO] [stdout] 
[INFO] [stdout] error[E0433]: failed to resolve: use of undeclared crate or module `winapi`
[INFO] [stdout]  --> src/wincon.rs:1:5
[INFO] [stdout]   |
[INFO] [stdout] 1 | use winapi::shared::minwindef::DWORD;
[INFO] [stdout]   |     ^^^^^^ use of undeclared crate or module `winapi`
[INFO] [stdout] 
[INFO] [stdout] 
[INFO] [stdout] error[E0433]: failed to resolve: use of undeclared crate or module `winapi`
[INFO] [stdout]  --> src/wincon.rs:2:5
[INFO] [stdout]   |
[INFO] [stdout] 2 | use winapi::um::consoleapi::{GetConsoleMode, SetConsoleMode};
[INFO] [stdout]   |     ^^^^^^ use of undeclared crate or module `winapi`
[INFO] [stdout] 
[INFO] [stdout] 
[INFO] [stdout] error[E0433]: failed to resolve: use of undeclared crate or module `winapi`
[INFO] [stdout]  --> src/wincon.rs:3:5
[INFO] [stdout]   |
[INFO] [stdout] 3 | use winapi::um::processenv::GetStdHandle;
[INFO] [stdout]   |     ^^^^^^ use of undeclared crate or module `winapi`
[INFO] [stdout] 
[INFO] [stdout] 
[INFO] [stdout] error[E0433]: failed to resolve: use of undeclared crate or module `winapi`
[INFO] [stdout]  --> src/wincon.rs:4:5
[INFO] [stdout]   |
[INFO] [stdout] 4 | use winapi::um::winbase::{STD_INPUT_HANDLE, STD_OUTPUT_HANDLE};
[INFO] [stdout]   |     ^^^^^^ use of undeclared crate or module `winapi`
[INFO] [stdout] 
[INFO] [stdout] 
[INFO] [stdout] error[E0432]: unresolved imports `terminal_size`, `terminal_size::Height`, `terminal_size::Width`, `winapi::shared::minwindef::DWORD`, `winapi::um::consoleapi::GetConsoleMode`, `winapi::um::consoleapi::SetConsoleMode`, `winapi::um::processenv::GetStdHandle`, `winapi::um::winbase::STD_INPUT_HANDLE`, `winapi::um::winbase::STD_OUTPUT_HANDLE`, `terminal_size::Height`, `terminal_size::Width`
[INFO] [stdout]   --> src/main.rs:33:5
[INFO] [stdout]    |
[INFO] [stdout] 33 | use terminal_size::{terminal_size, Height, Width};
[INFO] [stdout]    |     ^^^^^^^^^^^^^                  ^^^^^^  ^^^^^
[INFO] [stdout]    |     |
[INFO] [stdout]    |     use of undeclared crate or module `terminal_size`
[INFO] [stdout]    |
[INFO] [stdout]   ::: src/surface.rs:1:36
[INFO] [stdout]    |
[INFO] [stdout] 1  | use terminal_size::{terminal_size, Height, Width};
[INFO] [stdout]    |                                    ^^^^^^  ^^^^^
[INFO] [stdout]    |
[INFO] [stdout]   ::: src/wincon.rs:1:5
[INFO] [stdout]    |
[INFO] [stdout] 1  | use winapi::shared::minwindef::DWORD;
[INFO] [stdout]    |     ^^^^^^^^^^^^^^^^^^^^^^^^^^^^^^^^
[INFO] [stdout] 2  | use winapi::um::consoleapi::{GetConsoleMode, SetConsoleMode};
[INFO] [stdout]    |                              ^^^^^^^^^^^^^^  ^^^^^^^^^^^^^^
[INFO] [stdout] 3  | use winapi::um::processenv::GetStdHandle;
[INFO] [stdout]    |     ^^^^^^^^^^^^^^^^^^^^^^^^^^^^^^^^^^^^
[INFO] [stdout] 4  | use winapi::um::winbase::{STD_INPUT_HANDLE, STD_OUTPUT_HANDLE};
[INFO] [stdout]    |                           ^^^^^^^^^^^^^^^^  ^^^^^^^^^^^^^^^^^
[INFO] [stdout] 
[INFO] [stdout] 
[INFO] [stdout] error[E0433]: failed to resolve: use of undeclared crate or module `vte`
[INFO] [stdout]   --> src/context.rs:92:26
[INFO] [stdout]    |
[INFO] [stdout] 92 |         let mut parser = vte::Parser::new();
[INFO] [stdout]    |                          ^^^ use of undeclared crate or module `vte`
[INFO] [stdout] 
[INFO] [stdout] 
[INFO] [stdout] error[E0433]: failed to resolve: could not find `windows` in `os`
[INFO] [stdout]  --> src/pipes.rs:4:14
[INFO] [stdout]   |
[INFO] [stdout] 4 | use std::os::windows::io::{FromRawHandle, IntoRawHandle};
[INFO] [stdout]   |              ^^^^^^^ could not find `windows` in `os`
[INFO] [stdout] 
[INFO] [stdout] 
[INFO] [stdout] error[E0433]: failed to resolve: use of undeclared crate or module `winapi`
[INFO] [stdout]  --> src/pipes.rs:7:5
[INFO] [stdout]   |
[INFO] [stdout] 7 | use winapi::um::handleapi::{CloseHandle, INVALID_HANDLE_VALUE};
[INFO] [stdout]   |     ^^^^^^ use of undeclared crate or module `winapi`
[INFO] [stdout] 
[INFO] [stdout] 
[INFO] [stdout] error[E0433]: failed to resolve: use of undeclared crate or module `winapi`
[INFO] [stdout]  --> src/pipes.rs:8:5
[INFO] [stdout]   |
[INFO] [stdout] 8 | use winapi::um::namedpipeapi::CreatePipe;
[INFO] [stdout]   |     ^^^^^^ use of undeclared crate or module `winapi`
[INFO] [stdout] 
[INFO] [stdout] 
[INFO] [stdout] error[E0433]: failed to resolve: use of undeclared crate or module `winapi`
[INFO] [stdout]  --> src/pipes.rs:9:5
[INFO] [stdout]   |
[INFO] [stdout] 9 | use winapi::um::winnt::HANDLE;
[INFO] [stdout]   |     ^^^^^^ use of undeclared crate or module `winapi`
[INFO] [stdout] 
[INFO] [stdout] 
[INFO] [stdout] error[E0433]: failed to resolve: use of undeclared crate or module `winapi`
[INFO] [stdout]  --> src/wincon.rs:5:5
[INFO] [stdout]   |
[INFO] [stdout] 5 | use winapi::um::wincon::*;
[INFO] [stdout]   |     ^^^^^^ use of undeclared crate or module `winapi`
[INFO] [stdout] 
[INFO] [stdout] 
[INFO] [stdout] error[E0433]: failed to resolve: use of undeclared crate or module `winapi`
[INFO] [stdout]  --> src/conpty.rs:7:5
[INFO] [stdout]   |
[INFO] [stdout] 7 | use winapi::shared::basetsd::{PSIZE_T, SIZE_T};
[INFO] [stdout]   |     ^^^^^^ use of undeclared crate or module `winapi`
[INFO] [stdout] 
[INFO] [stdout] 
[INFO] [stdout] error[E0433]: failed to resolve: use of undeclared crate or module `winapi`
[INFO] [stdout]  --> src/conpty.rs:8:5
[INFO] [stdout]   |
[INFO] [stdout] 8 | use winapi::shared::minwindef::BYTE;
[INFO] [stdout]   |     ^^^^^^ use of undeclared crate or module `winapi`
[INFO] [stdout] 
[INFO] [stdout] 
[INFO] [stdout] error[E0433]: failed to resolve: use of undeclared crate or module `winapi`
[INFO] [stdout]  --> src/conpty.rs:9:5
[INFO] [stdout]   |
[INFO] [stdout] 9 | use winapi::shared::ntdef::{HANDLE, LPCWSTR, LPWSTR};
[INFO] [stdout]   |     ^^^^^^ use of undeclared crate or module `winapi`
[INFO] [stdout] 
[INFO] [stdout] 
[INFO] [stdout] error[E0433]: failed to resolve: use of undeclared crate or module `winapi`
[INFO] [stdout]   --> src/conpty.rs:10:5
[INFO] [stdout]    |
[INFO] [stdout] 10 | use winapi::shared::winerror::S_OK;
[INFO] [stdout]    |     ^^^^^^ use of undeclared crate or module `winapi`
[INFO] [stdout] 
[INFO] [stdout] 
[INFO] [stdout] error[E0433]: failed to resolve: use of undeclared crate or module `winapi`
[INFO] [stdout]   --> src/conpty.rs:11:5
[INFO] [stdout]    |
[INFO] [stdout] 11 | use winapi::um::consoleapi;
[INFO] [stdout]    |     ^^^^^^ use of undeclared crate or module `winapi`
[INFO] [stdout] 
[INFO] [stdout] 
[INFO] [stdout] error[E0433]: failed to resolve: use of undeclared crate or module `winapi`
[INFO] [stdout]   --> src/conpty.rs:12:5
[INFO] [stdout]    |
[INFO] [stdout] 12 | use winapi::um::processthreadsapi::{
[INFO] [stdout]    |     ^^^^^^ use of undeclared crate or module `winapi`
[INFO] [stdout] 
[INFO] [stdout] 
[INFO] [stdout] error[E0433]: failed to resolve: use of undeclared crate or module `winapi`
[INFO] [stdout]   --> src/conpty.rs:17:5
[INFO] [stdout]    |
[INFO] [stdout] 17 | use winapi::shared::winerror::WAIT_TIMEOUT;
[INFO] [stdout]    |     ^^^^^^ use of undeclared crate or module `winapi`
[INFO] [stdout] 
[INFO] [stdout] 
[INFO] [stdout] error[E0433]: failed to resolve: use of undeclared crate or module `winapi`
[INFO] [stdout]   --> src/conpty.rs:18:5
[INFO] [stdout]    |
[INFO] [stdout] 18 | use winapi::um::synchapi::WaitForSingleObject;
[INFO] [stdout]    |     ^^^^^^ use of undeclared crate or module `winapi`
[INFO] [stdout] 
[INFO] [stdout] 
[INFO] [stdout] error[E0433]: failed to resolve: use of undeclared crate or module `winapi`
[INFO] [stdout]   --> src/conpty.rs:19:5
[INFO] [stdout]    |
[INFO] [stdout] 19 | use winapi::um::winbase::WAIT_OBJECT_0;
[INFO] [stdout]    |     ^^^^^^ use of undeclared crate or module `winapi`
[INFO] [stdout] 
[INFO] [stdout] 
[INFO] [stdout] error[E0433]: failed to resolve: use of undeclared crate or module `winapi`
[INFO] [stdout]   --> src/conpty.rs:21:5
[INFO] [stdout]    |
[INFO] [stdout] 21 | use winapi::um::winbase::{EXTENDED_STARTUPINFO_PRESENT, STARTUPINFOEXW};
[INFO] [stdout]    |     ^^^^^^ use of undeclared crate or module `winapi`
[INFO] [stdout] 
[INFO] [stdout] 
[INFO] [stdout] error[E0433]: failed to resolve: use of undeclared crate or module `winapi`
[INFO] [stdout]   --> src/conpty.rs:22:5
[INFO] [stdout]    |
[INFO] [stdout] 22 | use winapi::um::wincon::{COORD, HPCON};
[INFO] [stdout]    |     ^^^^^^ use of undeclared crate or module `winapi`
[INFO] [stdout] 
[INFO] [stdout] 
[INFO] [stdout] error[E0432]: unresolved import `dunce`
[INFO] [stdout]   --> src/conpty.rs:24:5
[INFO] [stdout]    |
[INFO] [stdout] 24 | use dunce::canonicalize;
[INFO] [stdout]    |     ^^^^^ use of undeclared crate or module `dunce`
[INFO] [stdout] 
[INFO] [stdout] 
[INFO] [stdout] error[E0433]: failed to resolve: use of undeclared crate or module `crossbeam`
[INFO] [stdout]  --> src/context.rs:5:5
[INFO] [stdout]   |
[INFO] [stdout] 5 | use crossbeam::channel::Sender;
[INFO] [stdout]   |     ^^^^^^^^^ use of undeclared crate or module `crossbeam`
[INFO] [stdout] 
[INFO] [stdout] 
[INFO] [stdout] error[E0412]: cannot find type `Receiver` in this scope
[INFO] [stdout]    --> src/event.rs:198:20
[INFO] [stdout]     |
[INFO] [stdout] 198 |     receivers: Vec<Receiver<Action>>,
[INFO] [stdout]     |                    ^^^^^^^^ not found in this scope
[INFO] [stdout]     |
[INFO] [stdout] help: consider importing one of these items
[INFO] [stdout]     |
[INFO] [stdout] 1   + use core::ops::Receiver;
[INFO] [stdout]     |
[INFO] [stdout] 1   + use std::ops::Receiver;
[INFO] [stdout]     |
[INFO] [stdout] 1   + use std::sync::mpsc::Receiver;
[INFO] [stdout]     |
[INFO] [stdout] 
[INFO] [stdout] 
[INFO] [stdout] error[E0412]: cannot find type `Sender` in this scope
[INFO] [stdout]    --> src/event.rs:203:23
[INFO] [stdout]     |
[INFO] [stdout] 203 | pub type QuitSignal = Sender<()>;
[INFO] [stdout]     |                       ^^^^^^
[INFO] [stdout]    --> /rustc/e6e4f7ed1589e03bc2f6c5931c1a72e7947e8682/library/core/src/marker.rs:82:1
[INFO] [stdout]     |
[INFO] [stdout]     = note: similarly named trait `Send` defined here
[INFO] [stdout]     |
[INFO] [stdout] help: a trait with a similar name exists
[INFO] [stdout]     |
[INFO] [stdout] 203 | pub type QuitSignal = Send<()>;
[INFO] [stdout]     |                       ~~~~
[INFO] [stdout] help: consider importing this struct
[INFO] [stdout]     |
[INFO] [stdout] 1   + use std::sync::mpsc::Sender;
[INFO] [stdout]     |
[INFO] [stdout] 
[INFO] [stdout] 
[INFO] [stdout] error[E0412]: cannot find type `Sender` in this scope
[INFO] [stdout]    --> src/event.rs:259:19
[INFO] [stdout]     |
[INFO] [stdout] 259 |         F: FnOnce(Sender<Action>) -> Result<()>,
[INFO] [stdout]     |                   ^^^^^^
[INFO] [stdout]    --> /rustc/e6e4f7ed1589e03bc2f6c5931c1a72e7947e8682/library/core/src/marker.rs:82:1
[INFO] [stdout]     |
[INFO] [stdout]     = note: similarly named trait `Send` defined here
[INFO] [stdout]     |
[INFO] [stdout] help: a trait with a similar name exists
[INFO] [stdout]     |
[INFO] [stdout] 259 |         F: FnOnce(Send<Action>) -> Result<()>,
[INFO] [stdout]     |                   ~~~~
[INFO] [stdout] help: consider importing this struct
[INFO] [stdout]     |
[INFO] [stdout] 1   + use std::sync::mpsc::Sender;
[INFO] [stdout]     |
[INFO] [stdout] 
[INFO] [stdout] 
[INFO] [stdout] error[E0425]: cannot find value `ENABLE_VIRTUAL_TERMINAL_PROCESSING` in this scope
[INFO] [stdout]   --> src/wincon.rs:27:32
[INFO] [stdout]    |
[INFO] [stdout] 27 |             console_out_mode | ENABLE_VIRTUAL_TERMINAL_PROCESSING | DISABLE_NEWLINE_AUTO_RETURN,
[INFO] [stdout]    |                                ^^^^^^^^^^^^^^^^^^^^^^^^^^^^^^^^^^ not found in this scope
[INFO] [stdout] 
[INFO] [stdout] 
[INFO] [stdout] error[E0425]: cannot find value `DISABLE_NEWLINE_AUTO_RETURN` in this scope
[INFO] [stdout]   --> src/wincon.rs:27:69
[INFO] [stdout]    |
[INFO] [stdout] 27 |             console_out_mode | ENABLE_VIRTUAL_TERMINAL_PROCESSING | DISABLE_NEWLINE_AUTO_RETURN,
[INFO] [stdout]    |                                                                     ^^^^^^^^^^^^^^^^^^^^^^^^^^^ not found in this scope
[INFO] [stdout] 
[INFO] [stdout] 
[INFO] [stdout] error[E0425]: cannot find value `ENABLE_ECHO_INPUT` in this scope
[INFO] [stdout]   --> src/wincon.rs:45:33
[INFO] [stdout]    |
[INFO] [stdout] 45 |             (console_in_mode & !ENABLE_ECHO_INPUT & !ENABLE_LINE_INPUT & !ENABLE_PROCESSED_INPUT)
[INFO] [stdout]    |                                 ^^^^^^^^^^^^^^^^^ not found in this scope
[INFO] [stdout] 
[INFO] [stdout] 
[INFO] [stdout] error[E0425]: cannot find value `ENABLE_LINE_INPUT` in this scope
[INFO] [stdout]   --> src/wincon.rs:45:54
[INFO] [stdout]    |
[INFO] [stdout] 45 |             (console_in_mode & !ENABLE_ECHO_INPUT & !ENABLE_LINE_INPUT & !ENABLE_PROCESSED_INPUT)
[INFO] [stdout]    |                                                      ^^^^^^^^^^^^^^^^^ not found in this scope
[INFO] [stdout] 
[INFO] [stdout] 
[INFO] [stdout] error[E0425]: cannot find value `ENABLE_PROCESSED_INPUT` in this scope
[INFO] [stdout]   --> src/wincon.rs:45:75
[INFO] [stdout]    |
[INFO] [stdout] 45 |             (console_in_mode & !ENABLE_ECHO_INPUT & !ENABLE_LINE_INPUT & !ENABLE_PROCESSED_INPUT)
[INFO] [stdout]    |                                                                           ^^^^^^^^^^^^^^^^^^^^^^ not found in this scope
[INFO] [stdout] 
[INFO] [stdout] 
[INFO] [stdout] error[E0425]: cannot find value `ENABLE_VIRTUAL_TERMINAL_INPUT` in this scope
[INFO] [stdout]   --> src/wincon.rs:46:19
[INFO] [stdout]    |
[INFO] [stdout] 46 |                 | ENABLE_VIRTUAL_TERMINAL_INPUT,
[INFO] [stdout]    |                   ^^^^^^^^^^^^^^^^^^^^^^^^^^^^^ not found in this scope
[INFO] [stdout] 
[INFO] [stdout] 
[INFO] [stdout] error[E0432]: unresolved import `widestring`
[INFO] [stdout]   --> src/conpty.rs:25:5
[INFO] [stdout]    |
[INFO] [stdout] 25 | use widestring::U16CString;
[INFO] [stdout]    |     ^^^^^^^^^^ use of undeclared crate or module `widestring`
[INFO] [stdout] 
[INFO] [stdout] 
[INFO] [stdout] error[E0432]: unresolved import `ansi_escapes`
[INFO] [stdout]  --> src/context.rs:6:5
[INFO] [stdout]   |
[INFO] [stdout] 6 | use ansi_escapes;
[INFO] [stdout]   |     ^^^^^^^^^^^^ no external crate `ansi_escapes`
[INFO] [stdout] 
[INFO] [stdout] 
[INFO] [stdout] error[E0433]: failed to resolve: use of undeclared crate or module `crossbeam`
[INFO] [stdout]  --> src/event.rs:6:5
[INFO] [stdout]   |
[INFO] [stdout] 6 | use crossbeam::channel::*;
[INFO] [stdout]   |     ^^^^^^^^^ use of undeclared crate or module `crossbeam`
[INFO] [stdout] 
[INFO] [stdout] 
[INFO] [stdout] error[E0432]: unresolved import `vte`
[INFO] [stdout]  --> src/context.rs:8:5
[INFO] [stdout]   |
[INFO] [stdout] 8 | use vte::Perform;
[INFO] [stdout]   |     ^^^ use of undeclared crate or module `vte`
[INFO] [stdout] 
[INFO] [stdout] 
[INFO] [stdout] error[E0432]: unresolved import `terminal_size`
[INFO] [stdout]  --> src/surface.rs:1:5
[INFO] [stdout]   |
[INFO] [stdout] 1 | use terminal_size::{terminal_size, Height, Width};
[INFO] [stdout]   |     ^^^^^^^^^^^^^ use of undeclared crate or module `terminal_size`
[INFO] [stdout] 
[INFO] [stdout] 
[INFO] [stdout] error[E0433]: failed to resolve: use of undeclared crate or module `winapi`
[INFO] [stdout]  --> src/wincon.rs:1:5
[INFO] [stdout]   |
[INFO] [stdout] 1 | use winapi::shared::minwindef::DWORD;
[INFO] [stdout]   |     ^^^^^^ use of undeclared crate or module `winapi`
[INFO] [stdout] 
[INFO] [stdout] 
[INFO] [stdout] error[E0433]: failed to resolve: use of undeclared crate or module `winapi`
[INFO] [stdout]  --> src/wincon.rs:2:5
[INFO] [stdout]   |
[INFO] [stdout] 2 | use winapi::um::consoleapi::{GetConsoleMode, SetConsoleMode};
[INFO] [stdout]   |     ^^^^^^ use of undeclared crate or module `winapi`
[INFO] [stdout] 
[INFO] [stdout] 
[INFO] [stdout] warning: unused import: `std::fs::OpenOptions`
[INFO] [stdout]   --> src/main.rs:14:5
[INFO] [stdout]    |
[INFO] [stdout] 14 | use std::fs::OpenOptions;
[INFO] [stdout]    |     ^^^^^^^^^^^^^^^^^^^^
[INFO] [stdout]    |
[INFO] [stdout]    = note: `#[warn(unused_imports)]` on by default
[INFO] [stdout] 
[INFO] [stdout] 
[INFO] [stdout] warning: unused imports: `Bytes`, `empty`
[INFO] [stdout]  --> src/conpty.rs:1:15
[INFO] [stdout]   |
[INFO] [stdout] 1 | use std::io::{empty, Bytes, Error, ErrorKind, Read, Result, Write};
[INFO] [stdout]   |               ^^^^^  ^^^^^
[INFO] [stdout] 
[INFO] [stdout] 
[INFO] [stdout] warning: unused imports: `Write`, `stdin`
[INFO] [stdout]  --> src/event.rs:8:15
[INFO] [stdout]   |
[INFO] [stdout] 8 | use std::io::{stdin, Read, Write};
[INFO] [stdout]   |               ^^^^^        ^^^^^
[INFO] [stdout] 
[INFO] [stdout] 
[INFO] [stdout] warning: unused imports: `Arc`, `Weak`
[INFO] [stdout]   --> src/event.rs:12:17
[INFO] [stdout]    |
[INFO] [stdout] 12 | use std::sync::{Arc, Weak};
[INFO] [stdout]    |                 ^^^  ^^^^
[INFO] [stdout] 
[INFO] [stdout] 
[INFO] [stdout] warning: unused import: `std::process::exit`
[INFO] [stdout]   --> src/event.rs:13:5
[INFO] [stdout]    |
[INFO] [stdout] 13 | use std::process::exit;
[INFO] [stdout]    |     ^^^^^^^^^^^^^^^^^^
[INFO] [stdout] 
[INFO] [stdout] 
[INFO] [stdout] warning: trait objects without an explicit `dyn` are deprecated
[INFO] [stdout]    --> src/event.rs:199:23
[INFO] [stdout]     |
[INFO] [stdout] 199 |     handlers: Vec<Box<FnMut(&mut Context<T>, Action) -> Option<()> + 'a>>,
[INFO] [stdout]     |                       ^^^^^^^^^^^^^^^^^^^^^^^^^^^^^^^^^^^^^^^^^^^^^^^^^
[INFO] [stdout]     |
[INFO] [stdout]     = warning: this is accepted in the current edition (Rust 2018) but is a hard error in Rust 2021!
[INFO] [stdout]     = note: for more information, see <https://doc.rust-lang.org/nightly/edition-guide/rust-2021/warnings-promoted-to-error.html>
[INFO] [stdout]     = note: `#[warn(bare_trait_objects)]` on by default
[INFO] [stdout] help: use `dyn`
[INFO] [stdout]     |
[INFO] [stdout] 199 |     handlers: Vec<Box<dyn FnMut(&mut Context<T>, Action) -> Option<()> + 'a>>,
[INFO] [stdout]     |                       +++
[INFO] [stdout] 
[INFO] [stdout] 
[INFO] [stdout] error[E0433]: failed to resolve: use of undeclared type `Select`
[INFO] [stdout]    --> src/event.rs:273:26
[INFO] [stdout]     |
[INFO] [stdout] 273 |         let mut select = Select::new();
[INFO] [stdout]     |                          ^^^^^^ use of undeclared type `Select`
[INFO] [stdout] 
[INFO] [stdout] 
[INFO] [stdout] error[E0433]: failed to resolve: use of undeclared crate or module `winapi`
[INFO] [stdout]  --> src/wincon.rs:3:5
[INFO] [stdout]   |
[INFO] [stdout] 3 | use winapi::um::processenv::GetStdHandle;
[INFO] [stdout]   |     ^^^^^^ use of undeclared crate or module `winapi`
[INFO] [stdout] 
[INFO] [stdout] 
[INFO] [stdout] error[E0433]: failed to resolve: use of undeclared crate or module `winapi`
[INFO] [stdout]  --> src/wincon.rs:4:5
[INFO] [stdout]   |
[INFO] [stdout] 4 | use winapi::um::winbase::{STD_INPUT_HANDLE, STD_OUTPUT_HANDLE};
[INFO] [stdout]   |     ^^^^^^ use of undeclared crate or module `winapi`
[INFO] [stdout] 
[INFO] [stdout] 
[INFO] [stdout] error[E0432]: unresolved imports `terminal_size`, `terminal_size::Height`, `terminal_size::Width`, `winapi::shared::minwindef::DWORD`, `winapi::um::consoleapi::GetConsoleMode`, `winapi::um::consoleapi::SetConsoleMode`, `winapi::um::processenv::GetStdHandle`, `winapi::um::winbase::STD_INPUT_HANDLE`, `winapi::um::winbase::STD_OUTPUT_HANDLE`, `terminal_size::Height`, `terminal_size::Width`
[INFO] [stdout]   --> src/main.rs:33:5
[INFO] [stdout]    |
[INFO] [stdout] 33 | use terminal_size::{terminal_size, Height, Width};
[INFO] [stdout]    |     ^^^^^^^^^^^^^                  ^^^^^^  ^^^^^
[INFO] [stdout]    |     |
[INFO] [stdout]    |     use of undeclared crate or module `terminal_size`
[INFO] [stdout]    |
[INFO] [stdout]   ::: src/surface.rs:1:36
[INFO] [stdout]    |
[INFO] [stdout] 1  | use terminal_size::{terminal_size, Height, Width};
[INFO] [stdout]    |                                    ^^^^^^  ^^^^^
[INFO] [stdout]    |
[INFO] [stdout]   ::: src/wincon.rs:1:5
[INFO] [stdout]    |
[INFO] [stdout] 1  | use winapi::shared::minwindef::DWORD;
[INFO] [stdout]    |     ^^^^^^^^^^^^^^^^^^^^^^^^^^^^^^^^
[INFO] [stdout] 2  | use winapi::um::consoleapi::{GetConsoleMode, SetConsoleMode};
[INFO] [stdout]    |                              ^^^^^^^^^^^^^^  ^^^^^^^^^^^^^^
[INFO] [stdout] 3  | use winapi::um::processenv::GetStdHandle;
[INFO] [stdout]    |     ^^^^^^^^^^^^^^^^^^^^^^^^^^^^^^^^^^^^
[INFO] [stdout] 4  | use winapi::um::winbase::{STD_INPUT_HANDLE, STD_OUTPUT_HANDLE};
[INFO] [stdout]    |                           ^^^^^^^^^^^^^^^^  ^^^^^^^^^^^^^^^^^
[INFO] [stdout] 
[INFO] [stdout] 
[INFO] [stdout] error[E0425]: cannot find function `unbounded` in this scope
[INFO] [stdout]    --> src/event.rs:262:24
[INFO] [stdout]     |
[INFO] [stdout] 262 |         let (tx, rx) = unbounded();
[INFO] [stdout]     |                        ^^^^^^^^^ not found in this scope
[INFO] [stdout] 
[INFO] [stdout] 
[INFO] [stdout] error[E0425]: cannot find function `bounded` in this scope
[INFO] [stdout]    --> src/event.rs:263:26
[INFO] [stdout]     |
[INFO] [stdout] 263 |         let (qtx, qrx) = bounded(1);
[INFO] [stdout]     |                          ^^^^^^^ not found in this scope
[INFO] [stdout] 
[INFO] [stdout] 
[INFO] [stdout] error: aborting due to 41 previous errors; 6 warnings emitted
[INFO] [stdout] 
[INFO] [stdout] 
[INFO] [stdout] Some errors have detailed explanations: E0412, E0425, E0432, E0433.
[INFO] [stdout] 
[INFO] [stdout] For more information about an error, try `rustc --explain E0412`.
[INFO] [stdout] 
[INFO] [stdout] error[E0433]: failed to resolve: use of undeclared crate or module `vte`
[INFO] [stdout]   --> src/context.rs:92:26
[INFO] [stdout]    |
[INFO] [stdout] 92 |         let mut parser = vte::Parser::new();
[INFO] [stdout]    |                          ^^^ use of undeclared crate or module `vte`
[INFO] [stdout] 
[INFO] [stdout] 
[INFO] [stderr] error: could not compile `conmux` (bin "conmux") due to 42 previous errors; 6 warnings emitted
[INFO] [stderr] warning: build failed, waiting for other jobs to finish...
[INFO] [stdout] error[E0412]: cannot find type `Receiver` in this scope
[INFO] [stdout]    --> src/event.rs:198:20
[INFO] [stdout]     |
[INFO] [stdout] 198 |     receivers: Vec<Receiver<Action>>,
[INFO] [stdout]     |                    ^^^^^^^^ not found in this scope
[INFO] [stdout]     |
[INFO] [stdout] help: consider importing one of these items
[INFO] [stdout]     |
[INFO] [stdout] 1   + use core::ops::Receiver;
[INFO] [stdout]     |
[INFO] [stdout] 1   + use std::ops::Receiver;
[INFO] [stdout]     |
[INFO] [stdout] 1   + use std::sync::mpsc::Receiver;
[INFO] [stdout]     |
[INFO] [stdout] 
[INFO] [stdout] 
[INFO] [stdout] error[E0412]: cannot find type `Sender` in this scope
[INFO] [stdout]    --> src/event.rs:203:23
[INFO] [stdout]     |
[INFO] [stdout] 203 | pub type QuitSignal = Sender<()>;
[INFO] [stdout]     |                       ^^^^^^
[INFO] [stdout]    --> /rustc/e6e4f7ed1589e03bc2f6c5931c1a72e7947e8682/library/core/src/marker.rs:82:1
[INFO] [stdout]     |
[INFO] [stdout]     = note: similarly named trait `Send` defined here
[INFO] [stdout]     |
[INFO] [stdout] help: a trait with a similar name exists
[INFO] [stdout]     |
[INFO] [stdout] 203 | pub type QuitSignal = Send<()>;
[INFO] [stdout]     |                       ~~~~
[INFO] [stdout] help: consider importing this struct
[INFO] [stdout]     |
[INFO] [stdout] 1   + use std::sync::mpsc::Sender;
[INFO] [stdout]     |
[INFO] [stdout] 
[INFO] [stdout] 
[INFO] [stdout] error[E0412]: cannot find type `Sender` in this scope
[INFO] [stdout]    --> src/event.rs:259:19
[INFO] [stdout]     |
[INFO] [stdout] 259 |         F: FnOnce(Sender<Action>) -> Result<()>,
[INFO] [stdout]     |                   ^^^^^^
[INFO] [stdout]    --> /rustc/e6e4f7ed1589e03bc2f6c5931c1a72e7947e8682/library/core/src/marker.rs:82:1
[INFO] [stdout]     |
[INFO] [stdout]     = note: similarly named trait `Send` defined here
[INFO] [stdout]     |
[INFO] [stdout] help: a trait with a similar name exists
[INFO] [stdout]     |
[INFO] [stdout] 259 |         F: FnOnce(Send<Action>) -> Result<()>,
[INFO] [stdout]     |                   ~~~~
[INFO] [stdout] help: consider importing this struct
[INFO] [stdout]     |
[INFO] [stdout] 1   + use std::sync::mpsc::Sender;
[INFO] [stdout]     |
[INFO] [stdout] 
[INFO] [stdout] 
[INFO] [stdout] error[E0425]: cannot find value `ENABLE_VIRTUAL_TERMINAL_PROCESSING` in this scope
[INFO] [stdout]   --> src/wincon.rs:27:32
[INFO] [stdout]    |
[INFO] [stdout] 27 |             console_out_mode | ENABLE_VIRTUAL_TERMINAL_PROCESSING | DISABLE_NEWLINE_AUTO_RETURN,
[INFO] [stdout]    |                                ^^^^^^^^^^^^^^^^^^^^^^^^^^^^^^^^^^ not found in this scope
[INFO] [stdout] 
[INFO] [stdout] 
[INFO] [stdout] error[E0425]: cannot find value `DISABLE_NEWLINE_AUTO_RETURN` in this scope
[INFO] [stdout]   --> src/wincon.rs:27:69
[INFO] [stdout]    |
[INFO] [stdout] 27 |             console_out_mode | ENABLE_VIRTUAL_TERMINAL_PROCESSING | DISABLE_NEWLINE_AUTO_RETURN,
[INFO] [stdout]    |                                                                     ^^^^^^^^^^^^^^^^^^^^^^^^^^^ not found in this scope
[INFO] [stdout] 
[INFO] [stdout] 
[INFO] [stdout] error[E0425]: cannot find value `ENABLE_ECHO_INPUT` in this scope
[INFO] [stdout]   --> src/wincon.rs:45:33
[INFO] [stdout]    |
[INFO] [stdout] 45 |             (console_in_mode & !ENABLE_ECHO_INPUT & !ENABLE_LINE_INPUT & !ENABLE_PROCESSED_INPUT)
[INFO] [stdout]    |                                 ^^^^^^^^^^^^^^^^^ not found in this scope
[INFO] [stdout] 
[INFO] [stdout] 
[INFO] [stdout] error[E0425]: cannot find value `ENABLE_LINE_INPUT` in this scope
[INFO] [stdout]   --> src/wincon.rs:45:54
[INFO] [stdout]    |
[INFO] [stdout] 45 |             (console_in_mode & !ENABLE_ECHO_INPUT & !ENABLE_LINE_INPUT & !ENABLE_PROCESSED_INPUT)
[INFO] [stdout]    |                                                      ^^^^^^^^^^^^^^^^^ not found in this scope
[INFO] [stdout] 
[INFO] [stdout] 
[INFO] [stdout] error[E0425]: cannot find value `ENABLE_PROCESSED_INPUT` in this scope
[INFO] [stdout]   --> src/wincon.rs:45:75
[INFO] [stdout]    |
[INFO] [stdout] 45 |             (console_in_mode & !ENABLE_ECHO_INPUT & !ENABLE_LINE_INPUT & !ENABLE_PROCESSED_INPUT)
[INFO] [stdout]    |                                                                           ^^^^^^^^^^^^^^^^^^^^^^ not found in this scope
[INFO] [stdout] 
[INFO] [stdout] 
[INFO] [stdout] error[E0425]: cannot find value `ENABLE_VIRTUAL_TERMINAL_INPUT` in this scope
[INFO] [stdout]   --> src/wincon.rs:46:19
[INFO] [stdout]    |
[INFO] [stdout] 46 |                 | ENABLE_VIRTUAL_TERMINAL_INPUT,
[INFO] [stdout]    |                   ^^^^^^^^^^^^^^^^^^^^^^^^^^^^^ not found in this scope
[INFO] [stdout] 
[INFO] [stdout] 
[INFO] [stdout] warning: unused import: `std::fs::OpenOptions`
[INFO] [stdout]   --> src/main.rs:14:5
[INFO] [stdout]    |
[INFO] [stdout] 14 | use std::fs::OpenOptions;
[INFO] [stdout]    |     ^^^^^^^^^^^^^^^^^^^^
[INFO] [stdout]    |
[INFO] [stdout]    = note: `#[warn(unused_imports)]` on by default
[INFO] [stdout] 
[INFO] [stdout] 
[INFO] [stdout] warning: unused imports: `Bytes`, `empty`
[INFO] [stdout]  --> src/conpty.rs:1:15
[INFO] [stdout]   |
[INFO] [stdout] 1 | use std::io::{empty, Bytes, Error, ErrorKind, Read, Result, Write};
[INFO] [stdout]   |               ^^^^^  ^^^^^
[INFO] [stdout] 
[INFO] [stdout] 
[INFO] [stdout] warning: unused imports: `Write`, `stdin`
[INFO] [stdout]  --> src/event.rs:8:15
[INFO] [stdout]   |
[INFO] [stdout] 8 | use std::io::{stdin, Read, Write};
[INFO] [stdout]   |               ^^^^^        ^^^^^
[INFO] [stdout] 
[INFO] [stdout] 
[INFO] [stdout] warning: unused imports: `Arc`, `Weak`
[INFO] [stdout]   --> src/event.rs:12:17
[INFO] [stdout]    |
[INFO] [stdout] 12 | use std::sync::{Arc, Weak};
[INFO] [stdout]    |                 ^^^  ^^^^
[INFO] [stdout] 
[INFO] [stdout] 
[INFO] [stdout] warning: unused import: `std::process::exit`
[INFO] [stdout]   --> src/event.rs:13:5
[INFO] [stdout]    |
[INFO] [stdout] 13 | use std::process::exit;
[INFO] [stdout]    |     ^^^^^^^^^^^^^^^^^^
[INFO] [stdout] 
[INFO] [stdout] 
[INFO] [stdout] warning: trait objects without an explicit `dyn` are deprecated
[INFO] [stdout]    --> src/event.rs:199:23
[INFO] [stdout]     |
[INFO] [stdout] 199 |     handlers: Vec<Box<FnMut(&mut Context<T>, Action) -> Option<()> + 'a>>,
[INFO] [stdout]     |                       ^^^^^^^^^^^^^^^^^^^^^^^^^^^^^^^^^^^^^^^^^^^^^^^^^
[INFO] [stdout]     |
[INFO] [stdout]     = warning: this is accepted in the current edition (Rust 2018) but is a hard error in Rust 2021!
[INFO] [stdout]     = note: for more information, see <https://doc.rust-lang.org/nightly/edition-guide/rust-2021/warnings-promoted-to-error.html>
[INFO] [stdout]     = note: `#[warn(bare_trait_objects)]` on by default
[INFO] [stdout] help: use `dyn`
[INFO] [stdout]     |
[INFO] [stdout] 199 |     handlers: Vec<Box<dyn FnMut(&mut Context<T>, Action) -> Option<()> + 'a>>,
[INFO] [stdout]     |                       +++
[INFO] [stdout] 
[INFO] [stdout] 
[INFO] [stdout] error[E0433]: failed to resolve: use of undeclared type `Select`
[INFO] [stdout]    --> src/event.rs:273:26
[INFO] [stdout]     |
[INFO] [stdout] 273 |         let mut select = Select::new();
[INFO] [stdout]     |                          ^^^^^^ use of undeclared type `Select`
[INFO] [stdout] 
[INFO] [stdout] 
[INFO] [stdout] error[E0425]: cannot find function `unbounded` in this scope
[INFO] [stdout]    --> src/event.rs:262:24
[INFO] [stdout]     |
[INFO] [stdout] 262 |         let (tx, rx) = unbounded();
[INFO] [stdout]     |                        ^^^^^^^^^ not found in this scope
[INFO] [stdout] 
[INFO] [stdout] 
[INFO] [stdout] error[E0425]: cannot find function `bounded` in this scope
[INFO] [stdout]    --> src/event.rs:263:26
[INFO] [stdout]     |
[INFO] [stdout] 263 |         let (qtx, qrx) = bounded(1);
[INFO] [stdout]     |                          ^^^^^^^ not found in this scope
[INFO] [stdout] 
[INFO] [stdout] 
[INFO] [stdout] error: aborting due to 41 previous errors; 6 warnings emitted
[INFO] [stdout] 
[INFO] [stdout] 
[INFO] [stdout] Some errors have detailed explanations: E0412, E0425, E0432, E0433.
[INFO] [stdout] 
[INFO] [stdout] For more information about an error, try `rustc --explain E0412`.
[INFO] [stdout] 
[INFO] [stderr] error: could not compile `conmux` (bin "conmux" test) due to 42 previous errors; 6 warnings emitted
[INFO] running `Command { std: "docker" "inspect" "70650b40a369afc62cd79ea25d451d71096b47729045abcfcc72a98a8a6ca27f", kill_on_drop: false }`
[INFO] running `Command { std: "docker" "rm" "-f" "70650b40a369afc62cd79ea25d451d71096b47729045abcfcc72a98a8a6ca27f", kill_on_drop: false }`
[INFO] [stdout] 70650b40a369afc62cd79ea25d451d71096b47729045abcfcc72a98a8a6ca27f
